is -330440032 (base 5) in base 7?
-15036431
-798cc (base 13) to base 3
-102020110100
Convert da4d (base 15) to base 2.
1011010001110110
What is 137bd (base 15) in base 5?
4000003
What is 1110111100000001010 (base 2) in base 11?
304834
Convert 32013022 (base 4) to base 3.
2221021211
What is -2a0523 (base 12) in base 11?
-442290
-12e9c0 (base 15) to base 14
-19993a
What is 2212011020110 (base 3) in base 9?
2764213
-1101001011001011111011 (base 2) to base 4
-31023023323
Convert 100112111121 (base 3) to base 15.
3a94a
11111110011001000111010 (base 2) to base 13
195b305
What is -1753ba7 (base 14) in base 13?
-24c7015
-100001110220212 (base 3) to base 15
-650beb
-11230003002 (base 4) to base 2
-101101100000011000010
What is 587541 (base 11) in base 12?
38b67a
Convert -10029a (base 11) to base 6.
-3243122
What is -300011154 (base 6) in base 13?
-1076305
What is 215122463 (base 7) in base 3?
220101122011102
What is 100110010111000001001 (base 2) in base 4?
10302320021
Convert -129756 (base 11) to base 6.
-4204500
Convert -220737 (base 8) to base 9.
-122712
What is 5191c (base 13) in base 6?
3050244
-31919 (base 11) to base 5
-2440423
1352445 (base 6) to base 5
4431234
-74c26 (base 13) to base 2
-110011011101010111
2400424 (base 5) to base 8
125530
What is -112110011333 (base 4) in base 8?
-26240577
Convert 36a901 (base 15) to base 16.
27f133
What is 110001111010110011 (base 2) in base 16?
31eb3
What is 44111162 (base 7) in base 5?
1432100122
What is 10001101110101011 (base 2) in base 13?
27091
-1030110022 (base 4) to base 14
-81cb8
64a49 (base 12) to base 15
29550
-1425334 (base 11) to base 10
-2452102
-11907 (base 14) to base 7
-236110
-21331312330 (base 4) to base 13
-706276
-11010001010011011111010 (base 2) to base 11
-3964981
Convert 24a91 (base 14) to base 15.
1b980
What is -332264 (base 10) in base 14?
-89132
110110210111101 (base 3) to base 11
3818648
Convert 121770 (base 12) to base 11.
190257
Convert -341b9c (base 15) to base 6.
-125144050
What is 491040 (base 12) in base 15?
185b03
-2242410 (base 7) to base 16
-4436d
141131100 (base 5) to base 13
1c4658
Convert -331241112 (base 6) to base 10.
-5946308
Convert 85022 (base 10) to base 9.
138558
What is 1900716 (base 10) in base 3?
10120120021220
Convert -4400141 (base 9) to base 7.
-26035345
What is -123eb (base 16) in base 8?
-221753
What is -231632 (base 11) in base 6?
-11520125
What is -415a3 (base 16) in base 11?
-173129
Convert 201121210010202 (base 3) to base 15.
daea62
-34c1 (base 16) to base 8
-32301
-138923 (base 11) to base 3
-102000022021
What is 4433a73 (base 11) in base 7?
123061131
What is -841330 (base 12) in base 5?
-1012411141
What is 2b4b10 (base 14) in base 8?
5607712
-c8d0 (base 14) to base 16
-8776
Convert -4a129 (base 15) to base 13.
-83865
What is 2986 (base 15) in base 13?
4089
What is 1c4d47 (base 14) in base 2?
11110111001010110011
What is -307a0d (base 15) in base 9?
-4301454
-171342 (base 11) to base 16
-40c3e
Convert 2ac6a7 (base 14) to base 8.
5546053
234207 (base 12) to base 2
10001010011100100111
What is -76319 (base 12) in base 14?
-40bad
Convert 1ab1a (base 12) to base 14.
10622
What is -1d70 (base 15) in base 3?
-22210020
What is 1102233131 (base 4) in base 6?
11133005
Convert -11210133333 (base 4) to base 9.
-2665040
What is -6879604 (base 10) in base 11?
-3979826
What is 1aa4552 (base 11) in base 12?
12254ab
87538 (base 11) to base 7
1036346
What is -3438145 (base 9) in base 5?
-433344111
What is 100113552 (base 7) in base 6?
323555520
Convert -150f7 (base 16) to base 5.
-10230023
What is 118031 (base 16) in base 7?
12514550
What is -212110100020 (base 3) in base 2?
-1110000101110001010
Convert 1b76d (base 16) to base 14.
2cdd3
-302013221012 (base 4) to base 10
-13138502
Convert -10210220002 (base 3) to base 7.
-431453
Convert -1344121232 (base 5) to base 13.
-959211
Convert -1041241 (base 5) to base 13.
-8454
What is -16733211 (base 8) in base 9?
-7324100
14022000 (base 6) to base 16
72a50
Convert 2001112001120 (base 3) to base 12.
4484b9
Convert 3114030 (base 7) to base 6.
12001220
What is 1337984 (base 10) in base 5?
320303414
Convert -113020232 (base 5) to base 8.
-1761516
Convert -50e9a (base 16) to base 8.
-1207232
What is 531d6d (base 14) in base 3?
12021202021002
Convert 37334 (base 10) to base 16.
91d6
Convert -343657 (base 10) to base 12.
-146a61
-37587 (base 14) to base 15
-2a270
What is 8327 (base 11) in base 12?
6480
23625543 (base 7) to base 2
1000000010100100010100
What is -934353 (base 10) in base 2?
-11100100000111010001
-11011201002 (base 3) to base 11
-56804
What is -1101000000000111110 (base 2) in base 14?
-b139c
What is -22358771 (base 9) in base 3?
-202101222212101
Convert 102221200021 (base 3) to base 15.
49a71
Convert b9657 (base 15) to base 7.
5001163
-59983 (base 10) to base 7
-336610
Convert 5c18a (base 13) to base 7.
1304013
-21144003 (base 5) to base 10
-178003
-5436041 (base 9) to base 12
-b88447
Convert -177a21 (base 15) to base 12.
-46b634
What is -2548445 (base 11) in base 15?
-5c4117
What is 1043560 (base 8) in base 5?
32433212
What is 73136 (base 9) in base 5?
3020403
Convert 4134400 (base 7) to base 5.
111334144
bb7a (base 14) to base 13
11a00
Convert -2660050 (base 12) to base 13.
-17595ba
Convert -21410216 (base 7) to base 9.
-3405375
-111011100010101100100 (base 2) to base 13
-5340aa
What is 162316332 (base 7) in base 2?
101001111100101010110111
Convert 2573952 (base 11) to base 12.
15aa857
What is 1062366 (base 8) in base 14?
76d4a
Convert -1011214244 (base 5) to base 4.
-13311202310
-658921 (base 11) to base 3
-1222102001222
What is -12323233120 (base 4) in base 6?
-102542344
4437839 (base 10) to base 15
5c9dae
1a5409 (base 11) to base 7
2450141
12647 (base 15) to base 14
175d6
Convert 482b68 (base 12) to base 3.
2012020220122
111262 (base 10) to base 3
12122121211
10000001011010000101010 (base 2) to base 4
100023100222
33003133131 (base 4) to base 3
21102111112020
What is 1932972 (base 10) in base 6?
105232540
2655203 (base 7) to base 2
1010101011100001001
5770b (base 15) to base 12
1150a8
Convert 54830 (base 14) to base 2.
110001111101111010
-d59ff (base 16) to base 3
-1122110021200
Convert 56222 (base 12) to base 15.
23d42
What is -1a4336a (base 12) in base 14?
-a4b454
Convert 262833 (base 9) to base 3.
22002221010
What is 36256 (base 9) in base 12?
12066
Convert -221223133 (base 4) to base 8.
-515337
Convert 13474 (base 11) to base 8.
45377
Convert 122105401 (base 6) to base 2.
1000111011101110101001
Convert 4268a (base 12) to base 7.
512503
Convert -14206520 (base 7) to base 15.
-1b4165
176564 (base 13) to base 16
8ee71
What is 232441440 (base 5) in base 4?
10003103220
-425452240 (base 6) to base 14
-1007504
Convert -10d0c1 (base 15) to base 2.
-11000100001001100111
Convert -aaab11 (base 12) to base 13.
-740761
What is -2010302 (base 6) in base 7?
-543101
Convert -1012701 (base 8) to base 5.
-32031323
112121000121 (base 3) to base 9
477017
What is -76399 (base 14) in base 11?
-185a50
What is 1001010001101111100 (base 2) in base 10?
303996
What is 3431021311 (base 5) in base 10?
7673331
7b33a (base 14) to base 2
1001001001011011000
What is -11010110001110000010 (base 2) in base 16?
-d6382
What is -20331312213 (base 4) in base 8?
-10756647
Convert -101001100010011100 (base 2) to base 15.
-3562a
-104332444 (base 6) to base 12
-774124
-22221000 (base 5) to base 6
-4103205
Convert 344224052 (base 6) to base 11.
3657618
Convert 223013331 (base 6) to base 14.
77a019
What is -8c522 (base 13) in base 16?
-3e6ed
What is -11146050 (base 7) in base 13?
-27c4b0
Convert 1362363 (base 10) to base 7.
14402622
-a4b80 (base 14) to base 15
-7cb39
What is -62337 (base 13) in base 6?
-3440133
42155431 (base 6) to base 9
2272231
181a932 (base 11) to base 5
1242322134
What is -1a9885 (base 15) in base 14?
-25b00d
-b68940 (base 12) to base 8
-12762500
What is -1264217 (base 9) in base 7?
-5611330
Convert 132277 (base 9) to base 6.
1420154
What is -105425 (base 6) in base 8?
-21471
153113154 (base 6) to base 13
8909aa
What is -13126214 (base 7) in base 10?
-1200266
Convert -252202 (base 8) to base 15.
-1ac65
Convert 33263125 (base 7) to base 12.
b66531
946d40 (base 14) to base 12
1819164
225b3 (base 12) to base 10
45783
Convert -18